 - -8?
-4
Calculate -5 + 3 - (0 + 3).
-5
0 + -7 + 11 + -9
-5
Calculate (-2 - 4) + 5 + -1.
-2
-10 - (2 + -4 + -2)
-6
2 - (1 + (-1 - 1) + 4)
-1
Evaluate 1 + (1 - 2 - (17 - 15)).
-2
What is -2 - (3 + (-3 - 1))?
-1
Calculate 0 - (-11 - -2 - -2).
7
What is the value of (0 - -10) + -5 - 2 - 6?
-3
What is the value of (-4 - (3 - 4) - 0) + 8?
5
Evaluate (0 - -4) + -3 + (9 - 5).
5
Calculate (3 - 6 - (-14 + 4)) + 2.
9
(-1 - (-15 - -4)) + -4
6
Calculate (-6 - (4 - 16)) + -2 + -2.
2
Evaluate 9 + -1 - (0 - (8 + -11)).
5
What is (-1 - (-4 + 5)) + 3?
1
Calculate 0 + 0 - 4 - (-186 - -179).
3
What is the value of 0 - (6 - 0) - (-65 + 63)?
-4
-5 - (2 - 1) - -9
3
Calculate 6 - 2 - (-19 + 21).
2
Evaluate -8 - 1 - (98 + -99).
-8
Evaluate 1 + 5 - (5 - (-2 - -5)).
4
4 + (-10 - (11 - 15))
-2
Evaluate (3 - -12) + (4 - 11).
8
Evaluate -7 + (-3 - -16) + -4.
2
What is the value of 7 + -3 + 8 + -5?
7
1 - -1 - (121 - 111)
-8
What is the value of -4 + 0 + 1 - -5?
2
Evaluate 18 + -18 - (-2 + (0 - -1)).
1
What is the value of (55 - 51) + 0 + 1?
5
0 - (-2 + 5 + -2 + 0)
-1
Calculate -3 + 1 - (26 + -28) - 1.
-1
What is the value of -3 - -4 - (1 - -1) - 1?
-2
-8 + 4 + (4 - -2)
2
Calculate 23 + -26 + 1 + -3 + -2.
-7
Evaluate -1 - (2 + (-7 - -1)).
3
What is 1 - (1 + -2 - 2)?
4
14 - ((6 - (-6 + 3)) + -4)
9
2 + (-3 - (-4 + 1)) + 3
5
What is the value of -2 - (-12 - (-10 - -8))?
8
(4 - 2 - -1) + (-2 - -4)
5
Evaluate -2 - 0 - (-5 + (9 - 5)).
-1
Evaluate -4 - 0 - (-1 + -2).
-1
Calculate (10 - (6 + -4)) + (-1 - -1).
8
Evaluate -7 - (-2 - (5 - 8)).
-8
Calculate (4 - (2 + 0) - 0) + 2.
4
What is 0 - (-10 - (-2 + -2))?
6
What is (1 - 2) + -7 + 4 + 1?
-3
What is 5 - (0 - (2 - (0 - -3)))?
4
What is (-2 - 1) + -168 + 166?
-5
2 - 4 - (1 - 12 - -1)
8
1 + (6 - 2) - 9
-4
What is (-6 - 1) + (-2 - -4)?
-5
What is -6 - (-4 + (-2 - -2))?
-2
(-2 + 3 - 2) + -1
-2
(1 - ((-6 - -16) + -7)) + 8
6
What is (4 - -3) + -8 + 3?
2
What is -14 - -2 - -1 - (70 - 75)?
-6
Calculate 3 - (-4 + (2 - -2)) - 4.
-1
What is the value of -12 + 8 + 7 + -8?
-5
What is -10 - (-22 - -8 - -6)?
-2
Evaluate 0 + -4 + 0 - 1.
-5
What is (-1 - (-2 - (-1 + 0))) + 0?
0
Evaluate (10 - 10) + -5 + 9.
4
What is the value of 6 - (-5 + 6 + -3)?
8
Evaluate -10 + 7 - (-2 + 3).
-4
Evaluate (-8 - -21) + -9 + (-4 - 1).
-1
-8 + (2 - -2) + 4
0
Calculate (0 - -6) + -9 + 6.
3
What is the value of 4 + -13 + -1 + 2 + 4?
-4
Evaluate 4 + (8 - 2 - 8).
2
1 + -9 + 3 + (-5 - -5)
-5
Calculate 1 + 3 - (0 - -1) - 2.
1
What is the value of (2 + 2 - 8) + 0 + 3?
-1
What is (-2 - -12) + (-2 - (2 + 1))?
5
What is the value of -8 - -3 - (2 - 4)?
-3
Calculate -2 - (4 - (-1 - 0)).
-7
Evaluate (6 - (-3 + (-4 - -7))) + -6.
0
Evaluate -7 + (-6 - -5) + 6 - 2.
-4
Evaluate 2 + 3 - 4 - 5.
-4
Calculate -18 + 12 + (1 - 0).
-5
1 - (-2 - (-6 + 3)) - -5
5
Calculate (-109 - -97) + 0 + 9.
-3
What is 6 - (8 - (11 + -7))?
2
Calculate (-4 - 1) + (27 - 21 - 5).
-4
What is the value of (-6 - (0 - 6)) + 4 + -1?
3
Evaluate 3 + 0 - (12 + -6).
-3
Calculate -2 - (-4 + (1 - 6)) - 5.
2
Evaluate 1 - 0 - (46 - 52) - 5.
2
2 + -3 + -5 + 2 + 2
-2
Evaluate -5 - -6 - (-2 + 8 - 2).
-3
What is 3 - (0 + -6 - (-12 - -9))?
6
What is -5 + (-3 + -2 - -6)?
-4
What is 1 + 9 + 6 + -24 + 17?
9
Evaluate 1 + (0 - -12) + -21.
-8
(-1 - (0 - 1 - -1)) + -4
-5
1 - (2 + -4 + 3)
0
Calculate 2 - (-2 + 2 + 3).
-1
Evaluate 1 + (1 - -1) - (1 + -2).
4
Evaluate 6 - (4 - (2 - 1)).
3
What is the value of -2 - (-3 - (0 + 2))?
3
Calculate 0 + 0 + (-3 - -4).
1
Evaluate 5 - (-2 + 3 + 0).
4
What is -3 - (-2 + (-12 - -3))?
8
What is the value of 0 - -11 - (28 + -20)?
3
Calculate -1 + 3 - ((-3 - 0) + 3).
2
Calculate 5 - (9 - 3 - (3 + -2)).
0
(-4 - (5 - 6)) + 7 - 5
-1
Calculate (-7 - -2) + -3 + 12.
4
Evaluate -8 + 4 + 2 + 6.
4
(10 - (17 + -15)) + 0 + -1
7
What is -5 + -2 + (1 - -3 - 0)?
-3
What is the value of 3 + -7 + 0 + 0 + 0?
-4
What is the value of (1 - -2) + -26 + 18?
-5
What is -2 - (-2 - ((1 - 0) + 1))?
2
1 + -8 - (6 - 11)
-2
Calculate (4 - (3 + -1)) + -5.
-3
What is (9 - -11) + -17 + (-1 - 3)?
-1
Evaluate 4 - (16 - 8) - (-5 - 0).
1
Evaluate -5 + -1 + 12 + -3.
3
What is the value of -2 + 2 + -7 + 4?
-3
Calculate -2 - (-3 + 6) - -4.
-1
What is the value of (-6 - (1 - 1)) + 4?
-2
Calculate -14 - (-14 + (19 - 11)).
-8
25 + -29 - (-1 + 1)
-4
Calculate 3 - (6 - (-2 - -2)).
-3
(3 - 7) + 0 + 7
3
What is -1 - 0 - (-9 - -8 - 2)?
2
What is 6 + (4 - 10) - 4 - -1?
-3
7 + -21 + -3 - -13
-4
What is 12 - 14 - -2 - (0 - -2)?
-2
1 - -1 - (-10 + 13)
-1
What is the value of -1 + 2 + (15 - (12 - 4))?
8
4 + (3 - (-4 + 6))
5
Calculate 0 + (1 + 0 + 3 - 3).
1
What is (14 + -6 - 0) + -3?
5
What is the value of -2 - (0 + 1) - (-2 + -11)?
10
12 - (-4 + 5 + 5)
6
What is the value of -29 + 36 - (-1 - -15)?
-7
(-2 - (4 + (-3 - -1))) + 1
-3
(6 - (-4 - -13)) + 2
-1
1 - (-2 + (-3 - (5 + -9)))
2
Evaluate 0 + 1 - (5 - (7 + -2)).
1
What is the value of -2 + -3 + 12 + -16?
-9
Evaluate 0 + 4 - (-1 + 3 + -3).
5
Evaluate (6 - 3) + -7 + 8.
4
1 + -6 + 4 + (8 - 12)
-5
What is the value of 10 + -9 - (0 - 2) - 10?
-7
Evaluate 1 - (4 + -3 + 2).
-2
What is -4 - -4 - (-6 - -9)?
-3
What is the value of 10 - 14 - (-5 - -3)?
-2
Calculate 2 + -2 + -2 - -8 - 3.
3
3 - (-8 + 4 + 3)
4
What is the value of -34 + 28 - (-6 + -2)?
2
Calculate (1 + 0 + -2 - -2) + 4.
5
What is 1 - (9 + -6) - (0 + -5)?
3
-10 + 5 - 2 - -9
2
Calculate (0 - -5 - 4) + 2 + -6.
-3
6 - (2 + 17 + (1 - 6))
-8
6 + 2 - (-2 - -6)
4
(-1 - (0 - -1)) + 8 + -5
1
What is -1 - 1 - -4 - (1 + 6)?
-5
What is the value of (3 - (4 + -1)) + 2?
2
What is -2 + 1 + (0 - 1) - 2?
-4
What is 0 + (2 - (7 + 1)) + 4?
-2
Calculate -17 - (0 + 2 - 12).
-7
Calculate 9 + -4 - (2 - -2).
1
What is 18 + -18 + 3 + 5?
8
Calculate -4 - -1 - (0 - (-2 + 4)).
-1
-1 - -4 - 2 - 6 - -9
4
2 + (2 - 2) + -4
-2
Evaluate -3 + (1 - 3) - 2 - -6.
-1
What is -4 + (3 - (2 + (0 - -1)))?
-4
What is the value of -2 + (2 - (-1 + 2))?
-1
6 - 10 - 2 - -2
-4
Calculate 7 - (-8 - 0) - 10.
5
Evaluate (-8 - 0) + -2 + 9.
-1
4 + (-6 - 10 - -5)
-7
Calculate 43 + -57 + 8 + 0.
-6
What is the value of -3 - (1 + 4) - -1?
-7
Evaluate (-3 + -2 - -2) + 1 - 2.
-4
What is the value of -1 - -1 - (-1 + 10)?
-9
Calculate (6 - (-14 - -17)) + (5 - 1).
7
(-4 - -1) + (-2 - -6)
1
What is -4 + -2 + (15 - 11)?
-2
Calculate -3 - (-9 - ((1 - 1) + -4)).
2
What is -9 - -12 - (6 + 2)?
-5
What is (-11 - 0) + 24 + -6?
7
Evaluate (5 - (-2 - (0 - 3))) + 1.
5
Calculate (8 - 7 - -3) + -1.
3
What is 9 - ((-5 - -3) + 5)?
6
Evaluate 2 + (2 + -1 - 3 - -1).
1
8 - 8 - (2 - 5)
3
Evaluate 8 - (12 - 15 - -3).
8
What is 9 + (-4 - -5) + -7?
3
Calculate -31 - -27 - (0 + -5).
1
What is -5 + 15 + -11 + -1?
-2
What is the value of -2 - 7 - (1 + -2)?
-8
What is -2 - 2 - (5 - (6 - 5))?
-8
Calculate -1 - -3 - (3 - -1).
-2
Evaluate (1 - 4 - -7) + 4 - 4.
4
Calculate -9 + 9 + -1 - -1.
0
Evaluate 7 + 4 + -18 - -2.
-5
Calculate (3 - -4 - 9) + 2.
0
Evaluate 2 + 0 + 3 + 0 - 1.
4
What is the value of -5 - ((-10 - -4) + 2)?
-1
What is 8 + 1 + (153 - 171)?
-9
What is 10 - (8 + -2 + 2 - 4)?
6
What is the value of (-5 - -6 - -8) + -3?
6
Calculate -6 + 3 + -4 + 2.
-5
Evaluate -77 - -88 - (7 + -1).
5
Calculate (7 - 6 - 0) + -2.
-1
Calculate 3 + (0 - 0) + -2 - -3.
4
Evaluate 8 + (14 - 7 - 10).
5
What is the value of (-12 - -10) + (2 - -2)?
2
Evaluate 2 + (16 - 21) + 1 + -1.
-3
(6 - 2) + (-10 - (6 - 11))
-1
What is the value of -2 - (5 + -3) - (-13 + 8)?
1
What is the value of (14 - 2) + (-18 - 2)?
-8
Calculate (6 - -1) + -2 + -3 - 1.
1
Calculate (-8 - (-6 - -1)) + -2 + 1.
-4
What is -1 + (4 - 5) - (3 + 1)?
-6
What is the value of -1 + 1 - -4 - 2?
2
Calculate 1 - (1 - -2 - -6).
-8
What is the value of -2 + -2 + 2 + 0 - 3?
-5
What is the value of 0 - (-6 - (-15 - (-5 - -4)))?
-8
-1 + 7 + -9 + 3
0
What is the value of -6 + (10 - -4 - 4)?
4
Calculate 3 - ((4 - -4) + -2).
-3
What is the value of 0 + 1 - (-17 + 20)?
-2
Evaluate 1 + (-5 - -7) - 7.
-4
What is 0 - -2 - (-1 - (3 - 6))?
0
What is 4 + 4 - 5 - 0?
3
Calculate 6 - (7 + (1 - (-5 - -1))).
-6
-13 + 10 - (2 - (5 + -4))
-4
What is the value of 8 + (-5 - (-9 + 10))?
2
What is the value of -1 - -1 - ((-7 - -1) + 9)?
-3
What is the value of (3 - 4) + -2 - (-7 + 7)?
-3
-13 + 15 + (-9 - -2)
-5
What is 8 + -8 + 3 - 1 - -6?
8
What is the value of 0 + -1 + 3 + -5?
-3
What is (-8 - (-8 - -9)) + 3?
-6
